 = -n - 2, 2 = 4*n + 5*b + 1. List the prime factors of (-3)/6*12/n.
2, 3
Suppose 5*d - 14 = 3*l, 3*d - 22 = -d - 3*l. Suppose -r + 7 = -4*s - 7, -2*s - d = 0. Suppose -k + r = -1. List the prime factors of k.
7
Let h(a) = 2*a + 9. What are the prime factors of h(0)?
3
Let r be -5 - -5 - 5/(-1). Suppose -r*m - 10 = 5*y, y - 4*m = -m + 18. Suppose -2*z - 12 + 40 = y*n, 0 = z - 3*n - 14. List the prime factors of z.
2, 7
Let i(g) = 5*g**2 + 1. Let b be i(1). Let m = b + -1. List the prime factors of m.
5
Suppose -2*f - 6 = f, -4*w + 704 = -4*f. List the prime factors of w.
2, 3, 29
Let m = 3 - -1. Suppose -3*y - 24 = -d - d, -28 = -m*d + y. What are the prime factors of d?
2, 3
Let g be 3/(-2)*24/(-18). Suppose 2*r = -x + 47, -g*r - 3*x = -4*x - 49. List the prime factors of r.
2, 3
Let f(n) = 5*n**3 - 2*n**2 + 2*n - 1. Let z be f(1). Suppose 5*r + z*y - 21 = 0, 2*r - y = -3*y + 10. Let o = 4 + r. What are the prime factors of o?
5
Let r be (-4)/(12/10 + -1). List the prime factors of 4/(-10) - 128/r.
2, 3
Suppose -16*c = -15*c - 20. What are the prime factors of c?
2, 5
Let i(k) = -k**2 - k + 5. Let z be i(0). Suppose 3*v = -z*l - 339, v - 202 = 4*l + 59. What are the prime factors of (-8)/(-12)*l/(-4)?
11
Let c be (2 + -2)*1 - 1. Let v be -1 - -2*c/(-2). Let d = v - -11. List the prime factors of d.
11
Suppose -4*b = 2 + 2, -4*q = -b + 63. Let s be (-3)/(-2*(-6)/q). Suppose -s*j - 22 = -5*j + 2*m, 2*m = 0. List the prime factors of j.
2, 11
Let y(m) = -m**3 + 3*m**2 + 2*m. Let j be y(3). Suppose -i = -2*i + j. What are the prime factors of i?
2, 3
Let y(s) = s**2 - s + 1. Let z(b) = b**3 + 4*b**2 - 5*b + 2. Let q be z(-5). What are the prime factors of y(q)?
3
Suppose 4*g - 15 - 73 = 0. Suppose -5*d + 2*d + 9 = 0. Suppose d*p + 12 = 0, -2*c + 2*p = p - g. List the prime factors of c.
3
Suppose -30 = 3*g - 141. What are the prime factors of g?
37
List the prime factors of (22 - -2)*(-1 - -2).
2, 3
Let w(i) be the first derivative of -2*i + 2 + 1/4*i**4 + 7/2*i**2 + 7/3*i**3. What are the prime factors of w(-5)?
13
Suppose -15 = -4*y + 5. Suppose -5*k + 7 = 4*r - 1, 5*k + 10 = 5*r. List the prime factors of (0 + k)*-1 + y.
5
Let c(h) be the first derivative of -h**4/4 + h**3 + 2*h**2 + 4*h + 2. What are the prime factors of c(4)?
2
What are the prime factors of 926/6 - (7/3 - 3)?
5, 31
Let f(j) = 2*j + 3. Let s be f(-2). What are the prime factors of ((0 - -1)*-13)/s?
13
Suppose d = -1 + 3. Suppose 13 = h - 5*h - 5*k, d*k = h. List the prime factors of -2 + (-4)/h - -7.
7
What are the prime factors of 4176/45 + (-2 - -4)/10?
3, 31
Let l be ((-6)/(-3) - 4)*-2. Suppose 9 = -n + l*n. Suppose n*a - 14 = 28. List the prime factors of a.
2, 7
Let k(b) = -b**3 + 6*b**2 + 5*b - 4. Let m be k(7). What are the prime factors of 4/(-18) + (-130)/m?
7
Let z(i) = -i**2 + 11*i + 5. Let u(j) = -33*j**3 - j**2 - 2*j - 1. Let d be u(-1). Let o be (-1)/(-3)*d/1. What are the prime factors of z(o)?
5
Let q = -271 - -551. What are the prime factors of q?
2, 5, 7
Let y(o) = o**3 + 10*o**2 - 3*o - 8. Let x be y(-9). Suppose 0 = 6*n - 38 - x. What are the prime factors of n?
23
Suppose -5*a = -4*a + 6. Let v be (18/(-4))/(a/(-40)). Let p = -12 - v. List the prime factors of p.
2, 3
Suppose 9*i + 200 = 4*i. Let d = -29 - i. List the prime factors of d.
11
Let h(w) = w + 1. Let f(r) = -r**2 - 8*r - 3. Let d(l) = f(l) - 5*h(l). List the prime factors of d(-5).
2
Let a(s) = s**3 + 3*s**2 - 5*s + 1. Let o be a(-4). Suppose o*z = -0*z + 40. Suppose f + 2 = n, -2*n + 2*f = f - z. List the prime factors of n.
2, 3
Suppose 5*z = 3*r - 35, -5*z - 70 = -0*z + 4*r. Let l be (-16)/10*z/(-2). Let g = l - -18. List the prime factors of g.
2, 5
List the prime factors of (-2 - (171*-1 + -4)) + -3.
2, 5, 17
Let y be (-24)/(-10) - 2/5. Let a(x) = x**3 - 2*x + 3. Let r be a(3). Suppose -p - y*p = -r. List the prime factors of p.
2
Let d = -160 - -236. List the prime factors of d.
2, 19
Suppose 1 = 2*l + 73. Let v = l + 54. What are the prime factors of v?
2, 3
Let q(h) = -h**3 - 4*h**2 - 3*h + 4. What are the prime factors of q(-5)?
2, 11
Suppose 4*p + 1 = -q + 73, -q + 84 = -2*p. List the prime factors of q.
2, 5
Let v(k) = -k**2 - 8*k - 4. Let d(j) = -j - 4. Let o be d(3). Let f be v(o). Suppose -2*q + f*s + 10 = 0, 4*q = q + 3*s + 18. List the prime factors of q.
2
Let s be (1/(-2))/(3/306). Let u be s/(-2) - 4/8. Let y = u + -18. What are the prime factors of y?
7
Let o(b) = 4*b. Let r be o(3). Suppose 1 = z - r. What are the prime factors of z?
13
Suppose 11*j - 95 = 6*j. List the prime factors of j.
19
Let h = 30 + -19. Let r = h + -9. What are the prime factors of r?
2
Suppose -4*q - 14 = -2*l, -2*q = -6*l + 2*l + 4. Let v(m) = -22*m - 1. What are the prime factors of v(l)?
3, 7
Let a(c) = 5*c + 3. Suppose -s + 15 = 2*s. What are the prime factors of a(s)?
2, 7
Let z = 110 - 57. Let v = z + -27. Suppose 2*a + v = 4*a. What are the prime factors of a?
13
Suppose 0 = -2*x - 2*x + 120. List the prime factors of x.
2, 3, 5
Let u = 6 - 1. Suppose -3 - 2 = 5*n - u*w, -4*w + 16 = 0. Suppose -17 = -y - 2*y - 2*z, 25 = n*y + 4*z. What are the prime factors of y?
3
Let f = 3 - -126. List the prime factors of f.
3, 43
Let f = 1 - -3. Suppose 0 = f*k - 2*w - 8, -11 - 8 = -3*k - 5*w. Suppose -u - u = -5*h - 19, u - k*h = 11. What are the prime factors of u?
2
Suppose 5*c + 8 = -52. Let g = -7 - c. Suppose -3*v = -0*q + 3*q, -g*v = -4*q + 27. What are the prime factors of q?
3
Let r = -1 - -4. Suppose 0 = 2*g + 4*i - 14, r*i - 2*i + 46 = 4*g. List the prime factors of g.
11
Suppose -12 = -3*o - 3. Suppose -5*b + o*m = -3*b + 12, -m = -2. Let i = 1 - b. List the prime factors of i.
2
Let f be (1090/15)/(1/3). Suppose 3*k + f = 4*t, 3*k = -5*t + 158 + 101. List the prime factors of t.
53
Suppose 5*j + 3 + 1 = 4*c, -4 = -3*j - 4*c. Let x be 0/(1 - j/(-1)). Suppose 0 = -l + m + 11, 5 = l + m - x. List the prime factors of l.
2
Let o(n) = -12*n + 1. What are the prime factors of o(-1)?
13
Let j(u) = -u**2 - 2*u + 5. Let r be j(-3). Suppose 4*q - 3*n - 62 = r*q, -2*n = 8. What are the prime factors of q?
5
Suppose -2*p = -52 - 20. What are the prime factors of p?
2, 3
Let b be (-100)/15*(-12)/(-5). What are the prime factors of 2 - b*(3 - 2)?
2, 3
Let f(r) = r + 2 + r**2 - 5*r + 0*r**2 + r. List the prime factors of f(5).
2, 3
Suppose -2*v = -4*z + 134, -4*v - 82 = -2*z - 0*v. List the prime factors of z.
31
List the prime factors of 9/(-1)*(0 + -3).
3
Let u(s) = -s**2 - 17*s - 10. What are the prime factors of u(-12)?
2, 5
Let j = 232 + -136. Suppose -3*v = v - j. List the prime factors of v.
2, 3
Let q be 1/3*(8 - -1). Suppose q*h - 6*h - 90 = 0. Let r = -13 - h. List the prime factors of r.
17
Let h(j) = -j - 2. Let p be h(-4). Suppose 0 = -5*y + p*y. Suppose 4*i = -y*i + 24. List the prime factors of i.
2, 3
Suppose c + 2*c = 18. Let l(j) = j**3 - 5*j**2 - 6*j + 8. Let t be l(c). Suppose -q - t = -5*q. List the prime factors of q.
2
Let q be 125/4 + 1/(-4). Suppose -q - 9 = 4*s. List the prime factors of (1 - 1) + s/(-1).
2, 5
Let d(z) = -2*z**2 - 4 + 2*z**3 + 4*z**3 - z - 5*z**3. Suppose 0 = t - x - 5, -2*x + 3 = 3*t + x. What are the prime factors of d(t)?
2
Let o(y) = y**3 - 8*y**2 - 10. What are the prime factors of o(9)?
71
Let m(i) = 35*i**2 - i - 3. What are the prime factors of m(2)?
3, 5
Suppose -j + 27 = -3*n, -3*n + 7 = j + 28. Let p be 2/n + (-9)/(-4). Suppose -2*y - p*z = -5*z - 22, -4*y + 3*z + 32 = 0. List the prime factors of y.
5
Let o(v) = 2*v**3 + 3*v**2 - 3*v - 3. List the prime factors of o(3).
3, 23
Let j(l) = 6*l - 1. Suppose 0 = -k - 3*k + 12. What are the prime factors of j(k)?
17
Let q(a) be the second derivative of 0 + 5/12*a**4 - 1/2*a**2 + 1/6*a**3 - 1/20*a**5 - 2*a. List the prime factors of q(5).
2
Let i = -2 + 6. Suppose -28 - 24 = -i*b. Suppose 0 = -2*u + b - 1. List the prime factors of u.
2, 3
Suppose 3*h - 64 = 50. List the prime factors of h.
2, 19
Let d(y) be the first derivative of y**4/4 - 4*y**3/3 + 5*y + 2. Let n be d(4). Suppose z + n = 14. What are the prime factors of z?
3
Suppose y = -5*f + 28 + 25, 3*f = 5*y - 293. List the prime factors of y.
2, 29
Let a = -95 + 241. What are the prime factors of a?
2, 73
Suppose 0 = 4*r - 81 + 9. What are the p